divisor of k and n.
38
Suppose 76 + 29 = 21*q. Suppose 0 = 3*o - q*w - 317, -5*o + 2*w - 4*w + 518 = 0. What is the highest common divisor of o and 26?
26
Suppose -9*g + 12*g = 48. Let i = 1488 + -704. Calculate the highest common factor of i and g.
16
Suppose 5*u - 675 = 3*n, 4*n - 3*u + 4*u + 900 = 0. Let g = -129 - n. Calculate the highest common factor of g and 36.
12
Let d = -14 - -29. Let b(p) = 56*p - 785. Let o be b(15). What is the highest common factor of d and o?
5
Suppose b = f + 12987, 1625*b + f - 25965 = 1623*b. What is the greatest common divisor of 96 and b?
24
Let f be (-1642)/(12 - 1320/108). What is the greatest common divisor of 9 and f?
9
Suppose -3*f + 125 + 127 = 0. Let x(p) = 4755*p + 80982. Let s be x(-17). Calculate the greatest common factor of f and s.
21
Let b = 591 + -340. Suppose l - 137 = -2*m + 32, 3*m - b = -l. What is the highest common factor of 287 and m?
41
Suppose -5*h = -14*o + 16*o - 1, 4*h = 2*o - 46. What is the highest common factor of o and 3029?
13
Let p = 632 + -217. Suppose -5*t + p = 2*q, 83 = -5*t - 3*q + 503. Suppose -2*b + 108 = 2*b. Calculate the highest common factor of t and b.
27
Suppose 895 = -3*s - 0*s - 4*r, 5*r - 1183 = 4*s. Let w = -263 - s. Calculate the highest common divisor of 272 and w.
34
Let z = -596 - -368. Let q = -224 - z. Calculate the greatest common divisor of q and 74.
2
Let a be 0 + (0 - 3) - -24. Suppose 3 - a = -c. Calculate the highest common divisor of 522 and c.
18
Let m(r) = -2*r**2 - 9*r + 11. Let x = -197 - -192. Let v be m(x). Calculate the highest common divisor of 2 and v.
2
Let a be (-18)/((3 + 3)/(-3)). Suppose 3*p + a*o = 12*o + 2634, -5*p = -4*o - 4386. Calculate the greatest common divisor of 38 and p.
38
Let l = 13594 + -12692. Calculate the highest common factor of l and 110.
22
Let r(b) = 2*b**2 + 14*b + 55. Let v be r(-6). Let s(p) = -179*p - 11. Let m be s(-2). Let u = m + -218. Calculate the greatest common factor of v and u.
43
Suppose -5*u = -4*z - 8737 - 11, 3498 = 2*u - 2*z. Calculate the highest common factor of 2409 and u.
219
Suppose m + 3*v - 7*v = 20, 20 = m - 5*v. Suppose -342*y = -326*y - 160. Calculate the highest common factor of y and m.
10
Let g be -2 - 76/(-16)*4. Suppose 5*i = 2*b + 4*i - g, -6 = 2*i. Suppose 3*x - 13 = 8. What is the greatest common factor of x and b?
7
Suppose 288 = -172*q + 196*q. Calculate the highest common factor of q and 426.
6
Let y = 2 + 6. Let m = 3 - 1. Suppose m*c = -3*c - 10, c = i - 22. What is the highest common divisor of y and i?
4
Let s = -13 - -133. Calculate the greatest common factor of s and 890.
10
Let t = 49 - -97. Suppose t*f = 150*f - 68. Calculate the greatest common divisor of 187 and f.
17
Let o be ((-140)/4)/((-462)/132). What is the greatest common factor of o and 648?
2
Suppose 0 = -79*t + 77*t - 4, -2*t = k - 74. Calculate the highest common factor of k and 5694.
78
Let d(z) = -21*z**2 - 678*z + 73. Let x be d(-30). Calculate the greatest common factor of 623 and x.
89
Let h(w) be the first derivative of w**4/4 + 8*w**3 - 26*w**2 + 15*w + 46. Let p be h(-26). What is the greatest common divisor of 5 and p?
5
Suppose 5*o + 5*g + 5 = -5, 11 = -2*o + 5*g. Let t be (-3)/(-9) - 104/o. What is the greatest common factor of t and 280?
35
Suppose 5*w - 2*c - 373 = 0, -173 = -5*w - 3*c + 205. What is the greatest common factor of 465 and w?
15
Suppose 0 = -4*p + 7*p + 90. Let v be (44/12 - 2)/((-1)/p). Calculate the highest common factor of 10 and v.
10
Suppose -85 = -6*t + 17. Suppose 5*b + t = 4*a - 416, -2*a + 4*b = -212. What is the greatest common divisor of a and 84?
28
Let j be ((-48)/132)/2 + (-145)/(-11). Suppose 219 = -10*l + j*l. Calculate the highest common factor of 73 and l.
73
Let x be -1 - 2 - 7005/(-15). Suppose 8*b - x = -0*b. What is the highest common divisor of b and 145?
29
Let b be 747/24 - 2/16. Let o = b + -26. Suppose 5*w = o*d - 110, 5*d - 102 = 3*w - 0*w. Calculate the greatest common factor of 18 and d.
18
Suppose 36*i - 31*i - 2325 = 0. Let a be (16/10)/(62/i). Calculate the greatest common divisor of a and 636.
12
Suppose -5*l = -24*a + 26*a - 2799, -3*a + 4186 = 5*l. What is the greatest common factor of 152 and a?
19
Let z(g) = -8*g - 129. Let k(o) = 11*o + 193. Let x(f) = -5*k(f) - 8*z(f). Let n be x(7). What is the greatest common factor of 10 and n?
10
Let v be (-2)/((-66)/(-68) + -1). Suppose -134*g = 54*g - 6392. What is the greatest common factor of v and g?
34
Let s = 21 + -18. Let w be (s - 9)*(5 + -18). Suppose 272 = 5*q - w. Calculate the highest common factor of 20 and q.
10
Let t be 540/130 + 2*2/(-26). Let r be (5 + (1 - -2))*t. What is the highest common divisor of 16 and r?
16
Let x = 7 + -4. Suppose 55 = 5*r + 5*o, x*r = o + 7 + 6. Let n(f) = 5*f - 13. Let y be n(r). What is the highest common divisor of 34 and y?
17
Let f(l) = -l**3 + 66*l**2 - 69*l + 270. Let q be f(65). Suppose -2*g + 503 = 123. What is the greatest common factor of q and g?
10
Suppose -2*i + s = -9999, 2*s + 14062 + 941 = 3*i. Calculate the highest common factor of i and 945.
135
Let x(a) = -a**2 + 2*a - 18. Let p be x(8). Let v = -64 - p. Let w(s) = 78*s**2 + 2*s - 1. Let g be w(v). What is the highest common divisor of 45 and g?
45
Suppose 0 = 3*c + 5*k - 18 - 1, -5*c - 4*k + 49 = 0. Suppose -2*h = 4*r - 9*r - c, 5*r = 15. What is the highest common factor of 98 and h?
14
Let h be 1 - -58 - 36/(0 + 12). What is the greatest common divisor of 77 and h?
7
Let s = -553 + 562. Suppose -s*c - 9*c = -1782. Calculate the greatest common factor of c and 22.
11
Let c(y) = 3*y**3 - 75*y**2 - 11*y + 217. Let r be c(29). What is the greatest common divisor of 74 and r?
74
Suppose w = 5, -107*s - 5*w + 76 = -104*s. What is the highest common divisor of s and 1003?
17
Let p = -360 - -580. Let g = 60 - 58. Suppose k - g*l - 22 = 0, 2*l + 4 = 2. Calculate the greatest common divisor of k and p.
20
Let r = -208 + 52. Let h be (-5)/((-306)/r + -2). What is the greatest common divisor of h and 78?
26
Suppose -664*p + 665*p = 1, 3*b - 2*p - 28 = 0. What is the highest common divisor of b and 655?
5
Let f = 204 - 193. Suppose 0 = f*g - 7494 - 129. Calculate the greatest common divisor of g and 63.
63
Let n(b) = 193*b - 1. Let w be n(-1). Let c = w - -334. Let o be ((-672)/18)/(8/(-12)). Calculate the greatest common factor of o and c.
28
Suppose 0 + 8 = -4*a. Let z be 93 + a + 1 + -2. Let u be 37/12 - (-92)/(-1104) - -33. Calculate the highest common divisor of u and z.
18
Let d = -18 + 22. Suppose -i - 179 = -5*o, d*o - 3*i + 2*i = 143. Calculate the highest common divisor of o and 117.
9
Suppose -600 = -4*c + 3*h + 129, -h - 558 = -3*c. What is the greatest common factor of c and 5481?
189
Let o = -30821 - -33031. What is the highest common divisor of 30 and o?
10
Let h(r) = 8*r**2 + 3*r - 4. Let p be (3 + -1)/((-21)/(-42)). Let w be h(p). Let m = w + -106. What is the highest common divisor of m and 240?
30
Suppose 0 = n - 3*j + 2 - 87, 57 = n + j. Calculate the highest common divisor of 1728 and n.
64
Let q(m) be the second derivative of -4*m**3 + 132*m**2 + 73*m - 2. Let j be q(0). What is the highest common factor of j and 24?
24
Let w = 19876 - 16416. What is the highest common divisor of 40 and w?
20
Let p be 138/(-322) - (779/(-21) - 64/48). What is the highest common factor of 13661 and p?
19
Let t(l) = 17*l - 66. Suppose -2*i + 3*i = d + 2, 0 = 3*i - 2*d - 10. Let a be t(i). What is the greatest common divisor of a and 198?
18
Let k be (-5)/(15/(-24)) + 2. Let l = 143 + -141. Suppose -l*v = -c + 66, -3*c + 202 = -5*v + v. Calculate the greatest common factor of k and c.
10
Let x(s) = -s**2 + 59*s - 378. Let r be x(12). What is the highest common divisor of 2511 and r?
93
Suppose 0 = o + 19 - 61. Let y = o + -39. Let h be 8/(-3) + 3 - (-275)/y. What is the highest common factor of h and 23?
23
Suppose 72 = 2*i + 4*i. Let j = -71 + 74. Suppose j*g - 257 = -n, 0*g - 2*n - 326 = -4*g. What is the greatest common divisor of i and g?
12
Let p be (-26)/(-130) + 39/5. Let u be (-27)/(-6)*(20 - p). Calculate the greatest common factor of u and 27.
27
Suppose 50*q = 44*q + 330. What is the highest common factor of 110 and q?
55
Suppose -3*j + 4*t = -7*j + 84, 5*j + 3*t = 111. Let x b